 of (-96)/10*m/(-15).
2
Let x = -71 + 75. Suppose x*y - 10*y + 108 = 0. What are the prime factors of y?
2, 3
Let d(k) = -5*k**3 - k**2 - k - 2. Let b be d(-2). Suppose 2*q = 2*r + b, -q + 0*q + 4*r + 30 = 0. Let o = 8 + q. What are the prime factors of o?
2, 11
Suppose -3*o - 5*j = -2403, 0*j = -4*o - j + 3204. What are the prime factors of o?
3, 89
Let f be 0/((-3 - -4)*-3). Let x be (-1)/3*(15 - f). What are the prime factors of (x*14)/(-1 + 0)?
2, 5, 7
Let h(l) = -15*l**2 + 45*l + 29. Let s(q) = 7*q**2 - 22*q - 14. Let x(p) = -6*h(p) - 13*s(p). Let o be x(10). Let z = 116 - o. What are the prime factors of z?
2, 3
Let y = 60 + -56. Suppose -4*f = 5*n - 0*n - 499, 4*f + y*n - 504 = 0. List the prime factors of f.
131
Suppose -2*j = -j - 3*h + 12, -5*h = 2*j + 35. Let r = j + 19. What are the prime factors of (-8)/12*(-186)/r?
31
Suppose 3*s - 6 - 12 = 0. Suppose -s*j + 364 = -8. List the prime factors of j.
2, 31
Let r be (-13 + 11)*1/2. Let h be r/2 + (-69)/(-6). Suppose -2*s = -s - h. What are the prime factors of s?
11
Let k(r) = 137*r**3 + r**2 - r. Suppose -4*a + 2*y = -2*a - 8, -2*a + 4*y + 14 = 0. What are the prime factors of k(a)?
137
Suppose x = -q - 10, 4*q - 5*x = -4 - 27. Let j(y) = -y**3 - 6*y**2 + 11*y + 24. List the prime factors of j(q).
2, 3, 7
Suppose -46 - 2 = 3*v. Let p be (-772)/v - 2/8. Suppose -104 = -3*m - m - 2*h, -p = -2*m - 3*h. List the prime factors of m.
3
Suppose -12 = -6*j - 0*j. What are the prime factors of (-153)/(j + (-55)/20)?
2, 3, 17
Let o(i) = -i**2 + 5*i - 12. Let b be o(5). List the prime factors of 524/6 + 1 - b/18.
89
Let q = 2 + -7. Let m be 0/(-3 - (q - 0)). What are the prime factors of m + 0 + (-9 - -31)?
2, 11
Let l = 3142 - 1863. List the prime factors of l.
1279
Suppose q = 5*q - 2*p - 5292, -q = 2*p - 1323. What are the prime factors of q?
3, 7
Let x(z) = -2*z + 112. Let c be x(0). Suppose 6*q = 2*q + c. Suppose -4*j = -q - 76. List the prime factors of j.
2, 13
Let u = -1066 - -1561. What are the prime factors of u?
3, 5, 11
Let q = -38 - -40. Suppose -q*h - 32 = -4*w - 142, 2*h = 2*w + 116. List the prime factors of h.
61
Let z be 16/10*15/6. Suppose z*q - 24 + 8 = 0. Suppose 0 = m + 2*y - 21, -3*m - q*y + 86 = 23. List the prime factors of m.
3, 7
Let f be 12*-1*(-11)/4. Suppose 4*d = d + 3, -f = i + d. Let q = 47 + i. What are the prime factors of q?
13
Let k(m) = 3*m + 71. Let w be k(-24). What are the prime factors of (-846)/(-72) - w/4?
2, 3
Suppose 0 = -r + 2*j + 3, r - 2*j - 3*j = 0. Suppose -r*a + 324 = 7*a. What are the prime factors of a?
3
Let p be (-40)/14*(-7)/2. Let d = p + -8. What are the prime factors of d*(-3 + -17)*-1?
2, 5
Suppose 2*y - 8*k + 5*k - 38 = 0, 0 = 3*y + 4*k - 91. What are the prime factors of y?
5
What are the prime factors of (2653/28)/(1*2/8)?
379
Let a = 18 - 18. Let g be 0 + (0 - (24 - a)). What are the prime factors of (-488)/g + 2/(-6)?
2, 5
Let n(u) = u**3 + 7*u**2 + 6. Let a be (-2)/12 + (-315)/54. List the prime factors of n(a).
2, 3, 7
Suppose s = -s + 4*f + 30, -3*s = f - 10. Suppose 2*d - 3*b - 162 = 0, -499 + 105 = -s*d + 2*b. What are the prime factors of d?
2, 3, 13
Suppose 4*z - 3*g + 8*g + 5 = 0, -5*z = g + 1. Suppose z*v = -6*v + 240. List the prime factors of v.
2, 5
Suppose 18129 = 59*d - 45709. What are the prime factors of d?
2, 541
Let h = 77 + -62. Suppose 0 = 16*g - h*g - 27. What are the prime factors of g?
3
List the prime factors of 360/48*(-368)/(-3).
2, 5, 23
Let n be (-21)/6 + 3/6 + 398. Suppose n = 9*g - 109. What are the prime factors of g?
2, 7
Let a(y) be the second derivative of y**4/12 - 3*y**3/2 - 4*y**2 - y. Let z be a(10). Suppose 0 = 5*k - k + 4, -i + z*k = -24. List the prime factors of i.
2, 11
List the prime factors of (-3)/(-4) + -10423*(-12)/336.
373
Let f(u) be the first derivative of -u**4/4 + 19*u**3/3 + 21*u**2/2 - 27. Let t be (2 - 2) + (17 - -3). What are the prime factors of f(t)?
2, 5
Let k be (-6)/14 - (-2030)/49. Suppose 4*x - 3*p = k, 0 = -x + 6*x - 3*p - 52. List the prime factors of x.
11
Let g be -70 - 2*(-5)/5. Let r = g - -113. List the prime factors of r.
3, 5
Let l(y) = -15*y + 3. Let g(h) = -7*h + 1. Let j(s) = 10*g(s) - 4*l(s). What are the prime factors of j(-4)?
2, 19
Let d(b) = -3*b - 7. Let x be d(-5). Let z = x - 3. Suppose -78 + 3 = -4*v + f, -z*v - f + 96 = 0. What are the prime factors of v?
19
List the prime factors of -3*(27992/(-24) - 9).
2, 41, 43
Let g(y) = 7*y - 20. Let z be g(13). Suppose -6*f + z = -61. Let r = f - 16. List the prime factors of r.
2, 3
Let k = -10 - -568. What are the prime factors of k?
2, 3, 31
Suppose 2186 = 3*k - 820. Suppose -k - 111 = -7*s. List the prime factors of s.
3, 53
Suppose 0 = -8*d + 11*d - 36. Suppose d*v - 287 = 5*v. List the prime factors of v.
41
Let c be (-31)/(-4) + (-8)/(-32). Let y(w) = 2*w**2 + 5*w + 1. Let d be y(c). Suppose -5*s = -4*h - d, -127 - 6 = -4*s + h. List the prime factors of s.
3, 11
Suppose -10*j + 1513 + 4467 = 0. What are the prime factors of j?
2, 13, 23
Let k be (-1)/(-1) + (-14)/7. Let h = k + 10. Suppose -4*y + h = 1. What are the prime factors of y?
2
Suppose -l = 4*t - t - 604, -t - 3*l = -204. What are the prime factors of t?
3, 67
Suppose 0 + 6 = 3*u + 3*q, 3*u + q - 2 = 0. Let j(n) = 2 + 0 - 4*n**2 + u + 5*n**2. List the prime factors of j(-5).
3
Let v(k) be the second derivative of k**6/144 + 7*k**5/120 - k**4/12 - 4*k. Let w(a) be the third derivative of v(a). What are the prime factors of w(6)?
37
Let z(g) = 15*g + 156. List the prime factors of z(-9).
3, 7
Suppose -5*m + 1334 = 4*d, -m = -5*d + 1119 + 563. What are the prime factors of d?
2, 3, 7
Suppose 20998 - 4956 = 13*s. List the prime factors of s.
2, 617
Suppose -p - 4*z - 398 = 0, -4*p - 89 = 5*z + 1470. Let i = p + 644. List the prime factors of i.
2, 3, 43
Let h(l) = l**3 - 5*l**2 - 9*l + 11. Let c be h(8). Let w = c + -58. What are the prime factors of w?
73
Suppose 4*h + 174 = h. Let n = -19 - h. List the prime factors of n.
3, 13
Let a = -656 + 2677. List the prime factors of a.
43, 47
Suppose -3*k = -6, 714 = -0*n + 4*n - 5*k. What are the prime factors of n?
181
Let x be 0 + -3 - (-8 + -37). Suppose l - x = -15. List the prime factors of l.
3
Let x = 106 - 58. Let o = 28 - x. List the prime factors of -2 - 1/(1/o).
2, 3
Let i(a) = a**3 + 8*a**2 + 6*a - 5. List the prime factors of i(-7).
2
Suppose 0 = -4*l - 5*o - 8, -2*l + 2*o = -l - 11. Suppose -285 + 72 = -3*v - l*g, -v - 4*g = -68. List the prime factors of v.
2, 3
Let c = -75 - -79. Let d be 0 + (-2)/(4/(-102)). Suppose -c*w + d = -25. List the prime factors of w.
19
What are the prime factors of (47295/(-225))/(1/(-5))?
1051
Suppose 14 = j + 3*j + n, 2*j = 5*n + 18. What are the prime factors of 12*(3/j - 0)?
3
Let o be (2/(-4) + -1)*-2. Suppose -3 = -o*c + 6. Suppose 2*p - 6 = c*x, -p - 3*x + 24 = 2*p. List the prime factors of p.
2, 3
Suppose 0 = 8*t - 8 - 0. Suppose -t - 111 = -i. List the prime factors of i.
2, 7
Let k be (-70)/(-28)*18/(-5). Let l = k - -9. List the prime factors of 31 - (l - -4 - 0).
3
Suppose 2*k + 450 = 2*s, 905 = s + 3*s - 5*k. Suppose 6*j = 10*j - s. List the prime factors of j.
5, 11
Let t(x) = 19*x**2 - 3*x + 7. Let y be t(3). Let p = 334 - y. List the prime factors of p.
3, 5, 11
Let m be -52*(-4)/8*1. Let r = m + -17. Suppose 4*n = 5*g + 42, 4*g - 33 = -4*n - r. What are the prime factors of n?
2
Let q(j) = -3*j - 6. Let f be q(-6). Let d = 170 + -172. What are the prime factors of d + 3*92/f?
3, 7
Let b(y) = y**3 - 5*y**2 + 5*y - 1. Let p be b(4). Suppose 38 = -u + p*u. Let m = -11 + u. List the prime factors of m.
2
Suppose -38*i = -48*i + 16390. List the prime factors of i.
11, 149
Suppose o - 5*v - 15 = 0, -3*o - 3*v - 5 = 4. Suppose 0 = -2*r + 4, o = f + 4*r + 46 - 149. List the prime factors of f.
5, 19
Let w = 27 - 16. Suppose 0 = 4*j + 4*b + 1 + 19, -j - 4*b - 20 = 0. What are the prime factors of (w - -2) + j + 3?
2
Let c(k) = 40*k**2 - 25*k + 116. What are the prime factors of c(7)?
1901
Suppose 13*x = -80 - 11. What are the prime factors of (x/2 + 3)/((-2)/236)?
59
Suppose 4*o - 3748 = 4*c, o + 9*c = 4*c + 931. What are the prime factors of o?
2, 3, 13
Let t(d) = 344*d**2 + 13*d - 8. List the prime factors of t(-3).
3049
Suppose 3*z = 2*